2021
What is 342 (base 10) in base 16?
156
66a2 (base 15) to base 7
120263
-779 (base 11) to base 10
-933
What is -3a5 (base 15) in base 11?
-695
What is 31300013 (base 4) in base 12?
2871b
Convert 21253 (base 6) to base 13.
1431
-3021022 (base 4) to base 9
-18584
What is -1102011021 (base 3) in base 5?
-1342232
1100012110 (base 3) to base 2
110011100010111
-13045 (base 6) to base 12
-1185
Convert 15a (base 14) to base 16.
114
-1524 (base 10) to base 3
-2002110
Convert -736 (base 10) to base 12.
-514
Convert -6733 (base 8) to base 14.
-1415
5354 (base 10) to base 12
3122
2221201 (base 5) to base 6
500114
Convert -1030322 (base 4) to base 12.
-2a22
Convert 959c (base 15) to base 3.
1121102010
20598 (base 10) to base 8
50166
Convert 10100010000 (base 2) to base 10.
1296
46134 (base 8) to base 15
5bd3
72a9 (base 13) to base 8
36760
1111000010011 (base 2) to base 15
2434
Convert 623 (base 7) to base 2.
100110111
Convert -22201010 (base 3) to base 10.
-6348
What is -7119 (base 10) in base 11?
-5392
What is -11010000 (base 3) in base 10?
-2997
-1717 (base 11) to base 3
-10000100
-b4ab (base 14) to base 16
-798f
What is 213222 (base 4) in base 8?
4752
What is -405154 (base 6) in base 11?
-22262
-10002231 (base 4) to base 8
-40255
Convert -19578 (base 11) to base 4.
-12222232
What is -720 (base 15) in base 10?
-1605
Convert 1221202211 (base 3) to base 8.
113106
337 (base 9) to base 11
232
What is 2365 (base 11) in base 6?
22200
136305 (base 8) to base 6
1011421
What is -5167 (base 13) in base 5?
-324424
What is 5192 (base 10) in base 11?
39a0
-1011000010 (base 2) to base 10
-706
4a5 (base 14) to base 3
1021102
21220 (base 4) to base 13
385
16695 (base 10) to base 16
4137
-42006 (base 8) to base 14
-64bc
-501 (base 15) to base 5
-14001
Convert 111110011110 (base 2) to base 4.
332132
-16110 (base 12) to base 6
-400420
151541 (base 6) to base 9
22117
What is 4767 (base 9) in base 4?
313120
-230102 (base 5) to base 8
-17730
Convert 1606 (base 9) to base 7.
3363
What is 2444 (base 6) in base 2?
1001011100
Convert -221114 (base 5) to base 13.
-3642
What is 5203 (base 7) in base 4?
130120
What is 21241 (base 7) in base 16?
1498
What is 5ee3 (base 16) in base 10?
24291
What is 2543 (base 8) in base 2?
10101100011
What is -10132000 (base 4) in base 8?
-43600
134323 (base 7) to base 8
61712
Convert -2461 (base 7) to base 4.
-32131
What is 22027 (base 9) in base 11?
aa78
185d (base 14) to base 6
32203
1454 (base 7) to base 4
21002
Convert 5e (base 16) to base 5.
334
111011011 (base 2) to base 7
1246
-22221000 (base 3) to base 4
-1211223
What is 258 (base 10) in base 8?
402
What is 11c7 (base 13) in base 15?
b39
Convert 11241 (base 5) to base 9.
1112
1305 (base 7) to base 12
353
Convert -16589 (base 10) to base 8.
-40315
22220 (base 7) to base 11
4231
What is -391 (base 16) in base 12?
-641
Convert 6d8 (base 14) to base 12.
95a
-1000000101010101 (base 2) to base 16
-8155
What is 1566 (base 15) in base 6?
33140
Convert 123221 (base 8) to base 5.
2331031
Convert -b12b (base 12) to base 15.
-5a42
-203 (base 13) to base 12
-245
831 (base 16) to base 3
2212200
-1104 (base 7) to base 12
-290
What is -12037 (base 9) in base 7?
-32323
100111001100 (base 2) to base 7
10212
Convert -2220330 (base 4) to base 5.
-321222
Convert -33a8 (base 13) to base 12.
-4230
What is -8673 (base 10) in base 13?
-3c42
22028 (base 12) to base 15
d4c5
What is 667 (base 10) in base 9?
821
228 (base 11) to base 10
272
Convert 11040 (base 5) to base 13.
473
What is -1201212021 (base 3) in base 16?
-8572
What is 12212 (base 6) in base 3?
2110222
What is -3019 (base 14) in base 13?
-39b0
Convert -146 (base 16) to base 11.
-277
-100001101 (base 2) to base 12
-1a5
Convert -ef4a (base 16) to base 14.
-18478
What is -653 (base 9) in base 6?
-2250
What is -a019 (base 13) in base 2?
-101010111101000
-495 (base 15) to base 7
-3014
What is -11020110 (base 3) in base 4?
-300102
Convert 111010 (base 3) to base 6.
1350
What is -2431 (base 8) in base 6?
-10013
Convert 101010000101100 (base 2) to base 5.
1142143
What is -8a8 (base 15) in base 2?
-11110100110
1354 (base 8) to base 9
1021
What is -5240 (base 6) in base 14?
-600
Convert -3001 (base 8) to base 4.
-120001
What is 133201 (base 4) in base 3?
2202201
Convert -1804 (base 9) to base 16.
-565
11101001000101 (base 2) to base 6
153021
What is -243210 (base 5) in base 16?
-23dc
What is 11111123 (base 4) in base 7?
120464
What is -1322030 (base 4) in base 3?
-101201122
1002410 (base 5) to base 4
3321230
Convert 3003 (base 5) to base 15.
1a3
Convert 1212102100 (base 3) to base 11.
25685
What is -125 (base 15) in base 13?
-170
2153 (base 9) to base 15
70c
What is -15432 (base 6) in base 13?
-1205
What is 348 (base 13) in base 5?
4232
142130 (base 5) to base 13
2900
-100010100000 (base 2) to base 4
-202200
1c6 (base 16) to base 4
13012
Convert -528a (base 11) to base 3.
-100121002
-476 (base 10) to base 6
-2112
Convert 423 (base 9) to base 3.
110210
Convert b7 (base 16) to base 15.
c3
What is -31331 (base 4) in base 3?
-1020002
What is -42130 (base 6) in base 5?
-140140
What is 1655 (base 8) in base 2?
1110101101
What is 2306 (base 7) in base 13?
4c7
-1777 (base 12) to base 8
-5413
-42d (base 15) to base 8
-1657
1892a (base 11) to base 10
26410
-348 (base 15) to base 8
-1347
Convert 311301 (base 4) to base 10.
3441
-5004 (base 7) to base 14
-8ab
-629 (base 11) to base 7
-2131
Convert 3423012 (base 5) to base 4.
32321033
-153d (base 14) to base 11
-2926
What is 11000001010 (base 2) in base 7?
4336
Convert -3e7 (base 16) to base 9.
-1330
What is 2104 (base 7) in base 6?
3231
55503 (base 6) to base 3
101121210
-1299 (base 10) to base 9
-1703
Convert -626 (base 7) to base 3.
-102122
1010111100000 (base 2) to base 11
4231
What is -17343 (base 8) in base 10?
-7907
Convert 1 (base 15) to base 14.
1
Convert 50177 (base 8) to base 13.
94c2
1075 (base 8) to base 10
573
299 (base 14) to base 13
317
-1120 (base 6) to base 2
-100001000
737 (base 9) to base 10
601
What is 1100111101 (base 2) in base 12?
591
135b (base 12) to base 14
b55
What is 185d (base 14) in base 2?
1000100101011
-3955 (base 11) to base 9
-7043
251 (base 8) to base 4
2221
What is -1101111001 (base 2) in base 16?
-379
2122000111 (base 3) to base 6
1035404
What is 6136 (base 7) in base 10?
2134
What is -110011110 (base 2) in base 16?
-19e
Convert 39bc (base 13) to base 2.
10000001001011
What is 20010 (base 5) in base 2?
10011100111
What is 2bed (base 16) in base 9?
16374
Convert 12b (base 13) to base 3.
21122
What is 7993 (base 15) in base 13?
b979
What is -14043 (base 16) in base 11?
-56664
3275 (base 13) to base 10
7025
Convert 6356 (base 7) to base 10.
2246
What is -16a9 (base 15) in base 16?
-1314
Convert 441 (base 5) to base 14.
89
What is 31403 (base 9) in base 5?
1130424
What is -31131 (base 4) in base 15?
-3c6
-11063 (base 7) to base 9
-3738
Convert -60530 (base 8) to base 11.
-177a5
What is 3302032 (base 4) in base 13?
7096
Convert -3605 (base 12) to base 14.
-22c5
Convert -2550 (base 12) to base 7.
-15231
What is 10000010001001 (base 2) in base 7?
33166
Convert -1212 (base 8) to base 13.
-3b0
What is -544 (base 10) in base 6?
-2304
What is 2835 (base 15) in base 3?
102210112
1412 (base 8) to base 9
1054
What is -12241 (base 5) in base 11?
-790
12211212 (base 3) to base 4
1002212
4424 (base 7) to base 15
70b
Convert -104521 (base 6) to base 10.
-8833
-263 (base 11) to base 3
-102112
What is 122221 (base 3) in base 16?
1e4
Convert -125242 (base 7) to base 11.
-16690
Convert 6d4 (base 14) to base 12.
956
Convert -8035 (base 11) to base 2.
-10100110111110
What is -134041 (base 5) in base 12?
-3241
What is -23032 (base 5) in base 11?
-1263
Convert -33261 (base 7) to base 12.
-4a19
-163 (base 10) to base 15
-ad
What is -31b1 (base 13) in base 4?
-1223320
What is -442 (base 13) in base 8?
-1332
Convert 469 (base 14) to base 8.
1555
Convert -2503 (base 6) to base 10.
-615
What is -260 (base 11) in base 5?
-2213
What is 21041 (base 5) in base 6?
10244
Convert 121010102 (base 3) to base 14.
43da
Convert 3616 (base 7) to base 10.
1336
-1000000111 (base 2) to base 14
-291
1110001010000 (base 2) to base 10
7248
What is 1430 (base 7) in base 12?
3a8
Convert -193 (base 11) to base 5.
-1343
Convert ac (base